11*f - 5 + 6. Calculate y(n).
-6
Let n = -24 + 34. Suppose -2*k + n = -2. Let b(f) = -3*f - 1. Let i(h) = -10*h - 10. Let x(z) = 4*b(z) - i(z). Determine x(k).
-6
Let i(c) = -5*c - 1. Suppose 410*b - 164*b = 246. What is i(b)?
-6
Let s(x) = x - 7. Let z = 225 + -223. Let c(a) = -5*a + 22. Let p(q) = z*c(q) + 7*s(q). What is p(-4)?
7
Suppose 2*f - 23 = r, -6*f + r = -8*f + 13. Let g(i) = -9*i + 74. Calculate g(f).
-7
Let a(q) = 7*q - 23. Let x(b) = b**3 + 8*b**2 - 48*b + 3. Let v be x(4). Determine a(v).
-2
Let l(i) = -i**3 - 13*i**2 - 2*i + 12. Let g(x) = 2*x**3 + 25*x**2 + 3*x - 23. Let z(b) = -4*g(b) - 7*l(b). Suppose -52 = 13*t + 65. Give z(t).
-10
Let o(a) = -18*a**3 + a**2 - 13*a + 3. Let n(k) = 52*k**3 - 2*k**2 + 35*k - 8. Let x(u) = -3*n(u) - 8*o(u). Let s = 26 + -27. What is x(s)?
11
Let z(f) = -3*f**2 - 109*f - 34. Let v be z(-36). Let l(q) = -5 + q**2 + v*q**2 + 0 - 4*q**2 + 7*q. Give l(5).
5
Let a(k) = -k**3 - 7*k**2 + 2*k + 6. Let v be (-4)/26 - (-37088)/247. Let d = v + -157. Calculate a(d).
-8
Suppose 1 = -3*x + 7. Let d(m) = m**2 + 3*m - 4*m**2 - 3*m**x - 1 + 4*m**2. Let n be (-77)/(-7) + -5 + -4. What is d(n)?
-3
Let g(y) = 37*y**2 + 2*y - 1. Let h(x) = -113*x**2 - 23*x + 37. Let n(f) = -3*g(f) - h(f). Give n(-10).
-4
Let i(o) = -o**2 - 20*o + 9. Let s be i(-14). Let z = s + -91. Suppose 4*w - 36 = -m, 3*w - w - 24 = -z*m. Let d(x) = -x**2 + 10*x + 2. What is d(w)?
18
Let x be -3 - ((0 - 2) + 8). Suppose 160 = 6*v + 160. Let u(r) = 5*r - r**3 - 17 + v*r**3 + 8 - 9*r**2 - 6*r. Calculate u(x).
0
Let i(d) = -11*d - 42. Suppose 0 = 431*h - 439*h - 32. Let q be i(h). Let v(a) = 4*a**2 - 1. What is v(q)?
15
Suppose 16*w + 52 = 42*w. Let c(b) = 9*b - 2 - 35 - b**2 + 35 + w*b**2. Calculate c(-8).
-10
Let f be 4 - (9 - 5 - (-1 + 10 + -2)). Let j(k) = 0*k + 2*k + 21 - 22. Give j(f).
13
Let b(r) = r**3 + 20*r**2 - 2*r - 31. Let s = -12000 - -11980. Determine b(s).
9
Let j(p) = p**3 + 7*p**2 + 5*p - 8. Let y be 3/(-18) + 1837/(-66). Let m be (-5)/35 - (-3104)/y. Let b = 105 + m. Determine j(b).
-2
Let q(j) = 28*j**3 - j**2 - j. Let v(c) = -169*c**3 + c**2 + 13*c - 3. Let f(r) = 6*q(r) + v(r). Suppose 4*b = -4*m - m - 38, 2*m + 16 = -2*b. Give f(m).
-9
Let q(g) = 4*g**3 + 1. Let c = -14 - -23. Let v be 4/6 - ((-255)/c - -5). Let b = v + -23. Give q(b).
5
Let g(n) = n**2 + 5*n + 7. Let y = -320 - -324. Suppose -y*k = -12*k - 40. What is g(k)?
7
Let d(y) = -9*y + 32. Let w be d(3). Let x(j) = -17*j + 9*j + w*j + j + 6. Determine x(8).
-10
Let o be ((-24)/5)/((-42)/105). Let t(d) = d + 23. Let f be t(o). Suppose -4*l = l + f. Let q(u) = -u**2 - 7*u + 1. What is q(l)?
1
Let u(w) be the second derivative of -w**4/12 - w**3/3 + 7*w**2/2 + 1466*w. Determine u(6).
-41
Let q(y) be the third derivative of -y**4/3 - 2*y**3/3 + 187*y**2. Let r(h) = 40*h + 20. Let a(m) = -16*q(m) - 3*r(m). Give a(-3).
-20
Let z(y) be the second derivative of -y**5/60 - 31*y**4/24 - 17*y**3/3 - 7*y + 2. Let j(m) be the second derivative of z(m). Determine j(-14).
-3
Let j(q) = -2*q - 1. Suppose 6*f - 3*f - 222 = 0. Suppose 6*s - 7*s + f = 5*d, -3*s = 5*d - 222. Let p = 78 - s. Give j(p).
-9
Let f(a) = 3*a**2 + 3*a. Let i be f(-3). Let p(d) = -10*d**2 - i + 23 - 6 - 2*d. Suppose 5*y = 5*g - 20, 3*y + 3*g + 3 = 9. Calculate p(y).
-9
Let x(u) = 8*u**3 - u**2 - u. Suppose t + 25 = 2*r + 6*t, -5*r = 5*t - 85. Let w = 47 - r. Let k = w + -28. Determine x(k).
-8
Let w(q) be the first derivative of 1/4*q**4 - 39 + 4/3*q**3 - q + 1/2*q**2. Give w(-3).
5
Let v(r) = 4*r. Let h(p) = -14*p + 157. Let t(k) = -h(k) - 2*v(k). Determine t(27).
5
Let a(k) = -2*k**3 + 4*k**2 - k - 2. Let f = 137 + -132. Let y be 7/((-14)/12)*f/(-15). Calculate a(y).
-4
Let l(a) be the third derivative of -a**6/120 + a**5/15 - a**4/12 - a**3 + 6*a**2 - 10*a. Calculate l(3).
-3
Let h = -4238 - -8477/2. Let n(p) be the first derivative of -11*p - 41 - h*p**2 + 1/3*p**3. Calculate n(0).
-11
Let v be 1 + 4 + (-7 - -1) + 3. Suppose 5*g = -2*o - 6, -v*o + 44 = -7*o + 2*g. Let b(s) = s**2 + 8*s + 6. What is b(o)?
6
Suppose 0*q - 33 = -3*q - 3*f, -5*q - f = -47. Suppose -q + 0 = -n. Let v(l) = -11*l**2 + l - l**3 - 2 + 38*l**2 - n*l**2 - 10*l**2. Calculate v(8).
6
Let x be (-4)/(16/209) - (-1)/4. Let p = x - -52. Let v(m) = 3*m + 4. Let n(y) = -4*y - 4. Let s(i) = 4*n(i) + 5*v(i). Determine s(p).
4
Let u(q) be the first derivative of q**4/4 + q**3/3 + q**2 + 7*q - 978. What is u(0)?
7
Let u(c) be the second derivative of -c**3/6 - 29*c**2/2 - 8*c + 34. Give u(0).
-29
Let h(o) = 22*o**2 - 102*o + 7. Let u(z) = 43*z**2 - 203*z + 12. Let b(y) = -11*h(y) + 6*u(y). Determine b(6).
-5
Let g(m) = -m. Let s(t) = -3*t**2 + 5*t - 1. Let v(r) = -3*g(r) - s(r). Suppose -2*k + 16*z - 12*z + 14 = 0, 0 = -3*k - z. Calculate v(k).
2
Let d(f) = -f**2 - 5*f - 1. Let t(s) = -s**2 + 10*s + 12. Let m be ((-22)/12)/(3/(-18)). Let g be t(m). Let h be -11 + 7 + (1 - g). What is d(h)?
3
Let l(v) = -3 + v - v + 2*v + 4 - 3653*v**2 + 3669*v**2. Determine l(-1).
15
Let t(d) = d + 1. Let x be -5 - (-7 - -3) - -1. Suppose -j = -3*h - 10, -4*j + x = -h - 7. Let n(v) = 2*v + 1. Let o(m) = j*t(m) - n(m). What is o(-3)?
3
Let b(r) be the first derivative of -11*r**2/2 - 46*r - 1935. What is b(-5)?
9
Suppose n - 3 - 1 = 0. Suppose 2*d + 8 = 4*v, 8 = 7*v - 3*v + n*d. Let j(k) = -v*k + 3*k + 3*k - 3*k - 4. Calculate j(-7).
-11
Let j be 15/7 + 78/91. Let o(x) = -6 - x - x**2 + 13 - x**j - 48. Determine o(0).
-41
Suppose -25 = 3*w - 31. Let q = w - -4. Let z(y) = -5*y**2 + 5*y + y**3 - 15*y + 2*y + 7. What is z(q)?
-5
Let h = 242 + -221. Suppose -23*x + 5*d = -h*x - 44, -5*d - 56 = -3*x. Let j(u) = 3*u - 25. Give j(x).
11
Let k(t) be the second derivative of -t**5/60 + t**4/8 - 143*t**2/2 + 81*t - 1. Let f(i) be the first derivative of k(i). Determine f(2).
2
Let t(m) = -m**3 - 13*m**2 + 3*m - 4. Let z be t(-7). Let f = z + 314. Let l(r) = -r. Let h(o) = o**2 + 10*o - 2. Let u(n) = -h(n) - 5*l(n). Calculate u(f).
2
Let n(v) = 8*v - 5. Let g(h) = -19*h + 7. Let q(f) = 4*g(f) + 9*n(f). Calculate q(-3).
-5
Suppose 4 = -f + 7. Let d(i) = -f*i + 8*i - 3*i**2 - i - 8*i**2 + 2 + 8*i**2. Calculate d(4).
-30
Suppose -71*w = 47*w - 236. Let t(h) = -h**3 - 2*h**2 + 26*h - 41. Give t(w).
-5
Let i(r) = -2*r. Let z(g) be the second derivative of g**3/3 + 11*g**2/2 - g + 8. Let t(a) = -2*i(a) - z(a). Determine t(5).
-1
Let j(o) be the third derivative of -o**4/24 + 2*o**3 - 5*o**2. Suppose b - 53 = -3*n, -56*n + 30 = -54*n - 2*b. Give j(n).
-5
Let d be 0/(-4*(-4)/(-8)). Suppose d = -5*s - 0 - 5. Let q be (-44)/(-8) - s/2. Let v(z) = -z + 6. What is v(q)?
0
Suppose 102*x - 60 = 100*x. Let k = x - 17. Let v(n) = 17*n - 28*n + k*n. Give v(-4).
-8
Suppose 0 = -2*h - 9*b + 4*b + 26, -2*h = -3*b + 6. Suppose 0 = h*r - 5*r + 8, -2*r + 33 = -5*c. Let k(m) = -m**2 - 8*m - 5. What is k(c)?
10
Let a(v) = -17*v**3 - v**2 + v - 1. Let n(s) = -s**2 - 29*s + 171. Let i be n(5). Determine a(i).
-18
Let u(j) = -29*j - 2. Suppose 7*g - 27 = 43. Suppose s - 7 = -g, -3*m - 5*s = 18. Calculate u(m).
27
Let f be 6/(-7)*1*7. Let a(m) = 2*m**2 + m - 5. Let q(n) = -9*n**2 + 3*n + 20. Let j(u) = -5*a(u) - q(u). Give j(f).
17
Let x(n) be the first derivative of 3*n**2/2 + 9*n - 2047. Give x(-6).
-9
Let w(q) = 4*q - 22. Let i(v) = 2. Let k(b) = 15*i(b) + 6*w(b). Calculate k(4).
-6
Suppose -9*o = -23*o + 3220. Let q = -236 + o. Let z(r) = -3*r**3 + 5*r**3 - 6 - r**3 + 6*r**2 - r. Calculate z(q).
0
Let v(l) = -l**2 - 20*l + 15. Let b(t) = 13*t - 432. Let a be b(32). Determine v(a).
79
Let o(f) = 52*f**2 + 1143*f - 42. Let d be o(-22). Let t(x) = x**3 + 18*x**2 - 39*x + 3. What is t(d)?
-17
Let p(z) = 62*z - 13. Let q(j) = -5*j + 3. Let c(r) = -2*p(r) - 11*q(r). Calculate c(-1).
62
Let t(b) be the second derivative of b**5/20 - b**4/12 - 2*b**3/3 - 2*b**2 - b + 2276. Give t(-3).
-28
Let b(x) = x**3 - x**2 - x - 1. Let m be b(2). Let c(w) = w**2 + 35*w**3 + 2*w**3 - w - 50*w**3 + w**3 + w**2. Give c(m).
-11
Suppose 482*r - 481*r = 5*u - 14, 4*u + 3*r - 34 = 0. Let h(w) = 3*w**3 - 9*w**2 - w. What is h(u)?
44
Let v be 2 - (-4)/6*-3. Let n be -2*(-1)/(2 + v). Let z(r) be the third derivative of -r**4/12 + r**3/6 - 71*r**2 - 2*r - 7. Give z(n).
-1
Let l(a) = -11*a**3 - 63*a**2 + 14*a + 12. Let o(i